e 14
2cc
-212514 (base 6) to base 15
-529a
11452 (base 6) to base 15
778
3031122 (base 4) to base 12
7736
What is 2230 (base 10) in base 15?
9da
Convert -1125 (base 6) to base 12.
-1a5
Convert -12556 (base 9) to base 4.
-2010123
Convert -2423 (base 10) to base 9.
-3282
-1207b (base 12) to base 15
-72e2
-360 (base 12) to base 9
-620
What is -2e (base 16) in base 5?
-141
What is 2817 (base 9) in base 15?
967
abe (base 15) to base 14
c57
Convert -2364 (base 9) to base 3.
-2102011
What is -100110011010 (base 2) in base 8?
-4632
What is 2c1 (base 13) in base 3?
200100
30b (base 12) to base 2
110111011
Convert 100001111001 (base 2) to base 11.
16a2
What is 706 (base 10) in base 12?
4aa
What is 1b935 (base 12) in base 13?
15911
What is -32a (base 11) in base 8?
-613
What is 150ec (base 15) in base 14?
1a974
What is 2084 (base 9) in base 5?
22114
What is 9ac (base 13) in base 10?
1663
Convert 12634 (base 7) to base 4.
311032
-65e (base 15) to base 4
-112133
Convert -13d (base 14) to base 4.
-3323
241432 (base 5) to base 6
105344
Convert -896a (base 12) to base 5.
-441302
What is -10020001 (base 3) in base 7?
-6565
-177 (base 9) to base 12
-107
-11cd (base 14) to base 10
-3121
Convert -48 (base 12) to base 9.
-62
-30 (base 15) to base 7
-63
-14436 (base 8) to base 9
-8734
25f7 (base 16) to base 15
2d2e
What is 12659 (base 10) in base 3?
122100212
Convert 24e (base 16) to base 4.
21032
-2052 (base 7) to base 4
-23103
What is 12543 (base 11) in base 15?
54c0
What is -2321 (base 6) in base 8?
-1051
What is 1569 (base 12) in base 11?
199a
Convert -1022102 (base 3) to base 13.
-587
What is -5336 (base 10) in base 13?
-2576
Convert -100001 (base 3) to base 8.
-364
What is -4314 (base 5) in base 12?
-408
What is -327 (base 14) in base 6?
-2515
Convert -104 (base 5) to base 6.
-45
Convert -20102 (base 4) to base 14.
-29c
23 (base 12) to base 2
11011
103c (base 14) to base 9
3748
What is -13067 (base 9) in base 3?
-110002021
23821 (base 9) to base 2
11111001101000
What is 13030 (base 9) in base 16?
2247
What is -405 (base 16) in base 10?
-1029
What is -3133332 (base 4) in base 11?
-a851
What is -1010202 (base 3) in base 11?
-695
592 (base 13) to base 16
3c4
What is -1327a (base 12) in base 4?
-12122332
What is 10001010001 (base 2) in base 16?
451
What is -3103 (base 4) in base 6?
-551
Convert 1211 (base 4) to base 14.
73
-10223 (base 4) to base 15
-14e
Convert 4010 (base 5) to base 11.
41a
What is -8c (base 13) in base 8?
-164
What is 2192 (base 13) in base 7?
16436
1299 (base 10) to base 3
1210010
Convert 10031 (base 7) to base 9.
3282
Convert -4043 (base 6) to base 9.
-1200
Convert -3b1 (base 12) to base 14.
-2c5
What is -16312 (base 7) in base 13?
-2140
What is 139 (base 13) in base 2?
11011001
What is -d496 (base 14) in base 5?
-2132323
What is -23266 (base 8) in base 3?
-111121001
-2022121 (base 3) to base 11
-12a7
What is -21330 (base 4) in base 6?
-2540
What is -14251 (base 7) in base 15?
-1257
Convert 2454 (base 11) to base 12.
1a31
What is 1250 (base 12) in base 8?
4034
What is -2211012 (base 3) in base 16?
-809
Convert -1011110 (base 2) to base 12.
-7a
Convert -12020 (base 3) to base 15.
-96
-2116 (base 9) to base 14
-7d0
Convert 25e (base 16) to base 3.
211110
-2341211 (base 5) to base 13
-16933
637 (base 8) to base 11
348
What is 11020 (base 3) in base 5?
424
-4340 (base 7) to base 15
-6d2
What is -3164 (base 8) in base 9?
-2235
Convert -6623 (base 7) to base 2.
-100101000001
What is -4366 (base 7) in base 10?
-1567
Convert -743 (base 10) to base 5.
-10433
What is 301444 (base 5) in base 8?
22630
What is -24de (base 16) in base 3?
-110221120
Convert 2ad1 (base 16) to base 11.
8265
Convert 6aa (base 11) to base 4.
31032
-11223 (base 4) to base 15
-193
-68bc (base 14) to base 8
-43426
-1113013 (base 4) to base 15
-19ba
Convert -32109 (base 10) to base 9.
-48036
-114034 (base 5) to base 3
-12212010
-1101001111111111 (base 2) to base 8
-151777
Convert 57c (base 15) to base 5.
14432
4401 (base 6) to base 8
1761
-38854 (base 10) to base 6
-455514
What is -11011011101 (base 2) in base 16?
-6dd
-57b4 (base 13) to base 14
-46b9
-15 (base 6) to base 8
-13
What is 1304221 (base 5) in base 15?
7891
What is ac7 (base 16) in base 3?
10210012
What is 4211 (base 7) in base 6?
10502
-14117 (base 12) to base 15
-8391
-2ee (base 16) to base 3
-1000210
Convert -13552 (base 6) to base 7.
-6200
What is -5668 (base 9) in base 16?
-1061
1000000010 (base 2) to base 12
36a
Convert 3d28 (base 14) to base 7.
43351
What is 1603 (base 7) in base 4?
22000
-52235 (base 8) to base 5
-1143121
Convert -d9a (base 15) to base 16.
-bfe
-1007 (base 16) to base 4
-1000013
db6 (base 14) to base 9
3638
What is 12002000 (base 3) in base 11?
2863
What is -1130332 (base 4) in base 13?
-2929
What is 4712 (base 9) in base 11?
2697
Convert 102 (base 15) to base 4.
3203
Convert -36512 (base 10) to base 12.
-19168
What is -20a9 (base 11) in base 9?
-3730
What is 805 (base 14) in base 4?
120211
Convert 1002201102 (base 3) to base 5.
1143130
What is -1245 (base 10) in base 5?
-14440
-2d2e (base 15) to base 3
-111022222
Convert -584a (base 12) to base 4.
-2121322
Convert 20413 (base 6) to base 11.
2076
1102 (base 14) to base 12
1852
Convert -268 (base 15) to base 11.
-459
122222 (base 5) to base 8
11117
What is 266 (base 13) in base 15?
1d2
What is -10751 (base 8) in base 5?
-121320
203 (base 4) to base 6
55
-151030 (base 8) to base 2
-1101001000011000
-edc (base 15) to base 13
-16b3
What is -1115 (base 9) in base 10?
-824
What is 11332 (base 6) in base 15?
745
Convert 2032300 (base 4) to base 15.
2a91
5535 (base 7) to base 15
8c6
What is 638b (base 13) in base 14?
5060
20300120 (base 4) to base 5
2121424
Convert 21345 (base 6) to base 8.
5601
Convert -6051 (base 7) to base 14.
-a98
797 (base 10) to base 13
494
What is 1423 (base 7) in base 6?
2324
Convert -1061 (base 7) to base 12.
-282
Convert -901 (base 15) to base 12.
-120a
What is 1100100110 (base 2) in base 4?
30212
-907 (base 15) to base 7
-5632
Convert 103 (base 10) to base 7.
205
Convert -10101000101001 (base 2) to base 12.
-62b5
Convert -26b3 (base 14) to base 13.
-3149
13642 (base 7) to base 13
192a
Convert 125281 (base 9) to base 11.
52158
-110101110010 (base 2) to base 6
-23534
What is -52b (base 15) in base 11?
-970
8493 (base 12) to base 6
151103
What is -2724 (base 10) in base 15?
-c19
What is 18b5 (base 13) in base 3?
12001221
38173 (base 9) to base 12
12a26
Convert -15551 (base 11) to base 3.
-1010010020
Convert -2a571 (base 13) to base 16.
-1389d
-10000101 (base 2) to base 4
-2011
Convert 1948 (base 15) to base 4.
1111130
What is -b48 (base 14) in base 15?
-9d0
423 (base 9) to base 15
180
-5233 (base 6) to base 7
-3264
What is -21100020 (base 3) in base 6?
-40440
What is -1596 (base 13) in base 15?
-e10
What is 343 (base 14) in base 10?
647
Convert -13418 (base 9) to base 12.
-5315
What is e27d (base 15) in base 5?
3012233
35055 (base 9) to base 11
16623
What is 232 (base 15) in base 12?
355
Convert 606 (base 12) to base 16.
366
Convert 1a (base 11) to base 7.
30
Convert -4966 (base 10) to base 16.
-1366
Convert 1c7ba (base 13) to base 6.
1112245
What is 56345 (base 7) in base 14?
5295
What is 11848 (base 11) in base 12?
9a00
Convert 100111010011010 (base 2) to base 7.
112444
120422 (base 5) to base 9
6135
Convert -a2a9 (base 12) to base 10.
-17697
What is -2051 (base 7) in base 13?
-437
What is 3110 (base 9) in base 10?
2277
Convert 157 (base 9) to base 7.
250
-34 (base 14) to base 5
-141
22210122 (base 3) to base 10
6416
What is 4a6 (base 13) in base 12?
578
Convert 224034 (base 5) to base 10.
8019
Convert -3153 (base 8) to base 12.
-b4b
What is 121131 (base 4) in base 14?
845
-1010011100000000 (base 2) to base 8
-123400
Convert -4100424 (base 5) to base 7.
-362442
Convert 234331 (base 5) to base 11.
6604
-50 (base 10) to base 16
-32
What is 4614 (base 7) in base 9?
2263
-1367a (base 12) to base 14
-9b1c
-365c (base 15) to base 7
-45465
3254 (base 8) to base 7
4660
Convert -32233 (base 4) to base 9.
-1257
48824 (base 10) to base 16
beb8
What is -122201202 (base 3) in base 16?
-327e
654 (base 15) to base 11
108a
-55451 (base 8) to base 12
-11609
Convert -30245 (base 6) to base 2.
-111110010101
-2221100 (base 3) to base 2
-1000